= -5*z + 2. Let a(q) = -q**2 - 12*q + 17. Let b(u) = -u**3 + 24*u**2 - 25*u + 33. Let k be b(23). Let y be a(k). What is h(y)?
-18
Let d(m) = m**2 + 4*m + 7. Let n = -222 + 227. Suppose a + 10 = -q - 0*q, a = n*q + 20. Give d(a).
12
Let w(f) = -3*f - 891 - 5*f**3 + 293 - 2*f**2 + 298 + 297. Give w(-1).
3
Let y(c) = c**2 + 19. Suppose 3*q + 6 = -2*f, -7*f + 2*f - 4*q - 1 = 0. Suppose 8*v - f*v = -3*v. Calculate y(v).
19
Let z = 12 - -1. Let m(j) = -17 + j**3 - 21*j**2 + 3*j + 23 + 7*j**2 + 9*j**2. Let u(i) = -2*i**3 + 10*i**2 - 7*i - 13. Let v(k) = z*m(k) + 6*u(k). Give v(6).
18
Let u(n) = -2*n**3 - n**2 + 4*n + 1. Suppose 2060 = -5*b - 5*x, 7*x + 20 = 3*x. Let y = 404 + b. Give u(y).
34
Let x = 12 - 12. Let l(g) be the first derivative of -11*g + 14 - 1/2*g**2. Give l(x).
-11
Let n(b) = 1365*b**3 - 2723*b**3 - 36 + 24*b**2 + 1357*b**3 - 43*b. Determine n(22).
-14
Let n(o) = -o**2 + 3*o - 3. Suppose -7*h + 10*h - 26 = 4*x, -3*x - 19 = -2*h. Let t be x - (8/(-10))/(13/195). Give n(t).
-31
Suppose 13*z - 1344 = -z. Let h be 4*-1*(-168)/z. Let f(y) be the second derivative of y**3/6 + 3*y**2 - 10*y. Give f(h).
13
Let r(h) be the third derivative of 79*h**2 + 1/120*h**6 + 1/15*h**5 + 0*h**4 + 0 - 2/3*h**3 + 0*h. Give r(-3).
5
Let k(x) be the third derivative of -x**5/30 - 13*x**4/12 - 13*x**3/3 - 2001*x**2. Calculate k(-1).
-2
Let j(v) = -2*v**2 - 2972*v - 11856. Let d be j(-4). Let p(o) = 0*o**2 + 15 - o**3 + o**2 + o - 2*o**2. Give p(d).
15
Let o(g) = -g**3 + 9*g**2 + g - 11. Suppose 4*n + 62 + 158 = 0. Let w = n + 64. Calculate o(w).
-2
Let n(g) = -g + 2. Let c be 60/(-20) - 189/(-1). Suppose -5*k + c = -2*p + 19, 4*p + 70 = 2*k. Suppose 8*w - k = -1. Determine n(w).
-2
Let s be (-12)/10*(-120)/(-18). Let u(x) = 3*x**2 + 77*x + 2 - x**2 - 44*x - 40*x + 53*x**3 - 11*x**2 - 54*x**3. Give u(s).
-6
Suppose 2*c = 5*t - 21, -2*c + 3*t - 5 = 3*c. Let o(k) = -2 - k**3 - c*k**3 + 13 + 4*k**3. Suppose -3*r = 3*b + 12, 4*b = -2*r + 2 - 10. Determine o(b).
11
Let z(t) = 552*t - t**2 - 1089*t + 556*t. Give z(16).
48
Let r(a) be the second derivative of -a**5/30 + a**3/6 - 109*a**2/2 - 97*a. Let m(f) be the first derivative of r(f). What is m(-1)?
-1
Let o(a) be the first derivative of -11*a**2/2 + 149*a - 718. Calculate o(13).
6
Let t(i) = -3*i**3 + 37*i**2 + 31*i - 56. Let p(w) = w**3 - 12*w**2 - 10*w + 18. Let l(n) = -19*p(n) - 6*t(n). What is l(4)?
42
Let x(n) be the first derivative of -86 + 7/2*n**2 + 2*n + 1/3*n**3. What is x(-7)?
2
Let l(a) be the third derivative of -7*a**4 - 5630*a**2. Calculate l(1).
-168
Let k(v) = 4*v - 4. Let x(t) be the second derivative of -t**5/20 - 7*t**4/12 + 4*t**3/3 + 2*t**2 - 53*t. Let i be x(-8). Give k(i).
12
Let j be 0/2 + (-3150)/18. Let t = -184 - j. Let h(w) = -4*w - 6*w - w**3 - 12*w**2 - 14 + 26 + 2*w**2. Calculate h(t).
21
Let h(y) = -9*y - 34. Let m(o) = -7. Let z be 3 - (-8)/5*40/(-32). Let f(w) = z*h(w) - 5*m(w). Determine f(-1).
10
Let s(x) = 8*x - 2. Let j(l) = -3*l + 1. Let r(f) = 5*j(f) + 2*s(f). Let d(p) = -21*p**2 + p. Let a(b) = d(b) - r(b). What is a(-1)?
-22
Let z = 847 + -846. Let h(g) = g**2 + 6*g + 7. Let k(n) = n**2 - n - 1. Let j(c) = h(c) + 6*k(c). Determine j(z).
8
Suppose -18 = -3*x + 3. Let r be 220/35 - 2/x. Let o(b) = 8 + 5 - 73*b - 1 + 72*b. What is o(r)?
6
Let h(b) be the third derivative of b**6/120 - 11*b**5/60 - 5*b**4/12 - 11*b**3/3 - 1713*b**2 + 2*b. Give h(12).
2
Suppose 2*c - 5*c = -63. Let j(i) = i**2 - 20*i + 4. Let f be j(c). Let l = -27 + f. Let r(h) = -h**3 - 2*h**2 - h. Determine r(l).
2
Let y(t) = 2*t**2 - 3*t - 27. Let h(s) = 908*s - 2715. Let f be h(3). Calculate y(f).
108
Let x(t) = -t**2 - 13*t - 38. Let k be x(-5). Let d(p) = -7 + 45*p - 84*p + p**k + 41*p. Calculate d(3).
8
Suppose -212 = 4*d - 2*p + 202, -2*d = 2*p + 198. Let v = d + 98. Let l(z) = -z**2 - 6*z + 5. Calculate l(v).
13
Suppose 0 = 92*w + 1723 - 987. Let l(r) = -41*r - 328. Give l(w).
0
Let f(x) = x**3 - 7*x**2 - x + 7. Let s be f(7). Suppose -3*v + 4 = 4*b, 0 = -2*v - s*v + 5*b + 41. Let u(z) = -3*z + 10. Calculate u(v).
-14
Suppose 0 = -22*l + 37*l - 4350. Let a(y) = -573 + 286 + y + l. Give a(-3).
0
Let l(r) be the third derivative of r**4/24 - r**3/3 + 4*r**2 - 84*r. Determine l(-6).
-8
Let d(k) = 3*k**3 - k**2 + 5*k + 8. Let h = -562 + 561. Let t(f) = -f**3 - f. Let q(b) = h*d(b) - 4*t(b). Determine q(0).
-8
Let l(q) be the third derivative of q**5/60 + 7*q**4/24 - 4*q**3/3 - 7*q**2. Let h be (-2)/(-4) - (4914/(-28))/(-27). Give l(h).
-14
Suppose n + 0 = 3*i - 23, 0 = n + 5. Let h(l) be the first derivative of -l**4/4 + 7*l**3/3 - 2*l**2 - 4*l - 2. What is h(i)?
8
Suppose -5*k + 4 = 29. Let d(n) be the first derivative of -n**3/6 - n**2 + n + 3. Let g(w) be the first derivative of d(w). Give g(k).
3
Let s be -1 - -4 - (-33)/(-11). Let o = s + -3. Let v(j) = -12*j + 3*j + 1 + 5*j + 3 - 8. Determine v(o).
8
Let o(d) be the second derivative of -d**3/6 - 21*d**2/2 - d - 35. What is o(-25)?
4
Let s(p) = p**3 - 18*p**2 + 40*p + 84. Let n be s(15). Let q(r) = -r**3 + 8*r**2 + 11. Determine q(n).
-70
Let p(x) = x**2 + 5*x + 6. Let t(g) = -3*g**2 - 15*g - 20. Let f(k) = -7*p(k) - 2*t(k). What is f(-4)?
2
Suppose 15 = p + 4*r - 8, -51 = -3*p - 3*r. Suppose 6*z - 20 = z - s, -p = 3*s. Let f(y) = 1194*y**2 - 1188*y**2 - 4 - z*y + 0*y**3 - y**3. Determine f(5).
-4
Suppose 16*w - 14 - 54 = -18*w. Suppose 0 = -2*l + 3*l - 2. Let h(s) = -s**l - 1 + 2 + 0*s**2. What is h(w)?
-3
Let x(t) = -t**3 + 5*t**2 + 7*t - 2. Let v be x(6). Let k(u) = -9*u - 29. Let o be k(-4). Let i(b) = 4 + 0*b**2 - b**2 + o*b**2 - 5*b**2. What is i(v)?
20
Suppose -4*o - 43 = 25. Let t be ((1 - 0)*-1)/(o/238). Let j(v) = -v**2 + 16*v - 20. Calculate j(t).
8
Let c be ((-22)/231*9)/((-6)/28). Suppose -d - 8 = d + 3*s, 0 = 3*d + c*s + 12. Let q(k) = k - 1. Give q(d).
-5
Suppose 0 = 5*f + 2*x - 53, 2581*x = 2577*x + 36. Let g(l) = l. Let r(t) = 2*t - 7. Let b(n) = 2*g(n) + r(n). Give b(f).
21
Let n = -16578 - -16568. Let x(z) = -21*z - 208. Give x(n).
2
Suppose 0 = -30*t + 13*t + 51. Suppose 5*a + b - 23 = 22, -2*a = b - 21. Let g(d) = -4*d**3 + 5*d**t + a*d + 7*d**2 + 5 + 1. Calculate g(-6).
-6
Let t(c) = -12*c**2 - c + c**2 + c - 4*c**2 - c. Suppose 0*v = v - 19. Suppose -3*b = -4*z - 16, 3*z - 3*b - b + v = 0. What is t(z)?
-14
Let b(d) = -d**3 + 34*d**2 + 71*d + 43. Let q be b(36). Let p(a) = a**2 - 2*a + 7. Give p(q).
42
Suppose 148*h - 169 - 7175 = -68*h. Let k(d) be the first derivative of -h - 8/3*d**3 + 11*d - 5*d**2 + 1/4*d**4. Determine k(9).
2
Let i(c) = c**2 + 13*c - 4. Suppose 0 = 5*w + 16*o - 19*o + 32, -2*o - 12 = 0. Determine i(w).
-34
Let i(x) = 16*x - 61. Let z be (((-60)/(-35))/((-44)/(-7) + -6))/1. What is i(z)?
35
Suppose 6*w - 11 - 8719 = 0. Let v(h) = 1 - w*h**2 + 1 + 1456*h**2. Calculate v(0).
2
Let u = 154 - 140. Suppose -19*i + u = -12*i. Let z(k) = -k**3 - 5*k**2 - k - i*k**3 - 3*k - 1 + 2*k**3. What is z(-5)?
19
Let c(r) = 16*r - 49. Let m be ((120/9)/(-4))/((5360/96)/(-67)). What is c(m)?
15
Let r(a) = -a**2 - 162*a + 331. Let l be r(2). Let g(t) = -3*t**3 - t**2 + 4*t - 5. What is g(l)?
-83
Let g(l) = l**3 - 10*l**2 + 32*l - 29. Let i be g(6). Suppose 298*z - 317*z = i. Let m(h) be the second derivative of -11*h**3/3 - h. What is m(z)?
22
Let b be (36/(-14) - -4) + 27/(-63) - -3. Let n(j) = j**3 - 4*j**2 - 8*j + 13. Give n(b).
-19
Let u = 541 + -304. Let p = -257 + u. Let l(b) = b**2 + 18*b - 34. Calculate l(p).
6
Let m(s) = -22*s - 17. Let q be (-11 - -10)/(7/35) - 2. Give m(q).
137
Let m(d) = -d**2 + 15*d - 8. Let x = -1458 + 1474. Give m(x).
-24
Let t(y) be the first derivative of -y**4/2 + 2*y**3/3 + y**2/2 + 3*y + 239. Suppose -4*f - 2*f + 18 = 0. Calculate t(f).
-30
Let n = 826 + -824. Let i(f) = 3*f + n*f**3 + 2 - 1 - f - f**2 + 0*f**3 - 5*f. Determine i(2).
7
Let m(d) be the third derivative of -d**5/20 + d**4/8 - d**3/3 + d**2. Let b(a) = a**2 - 12*a + 29. Let p be b(9). Suppose 3*f - p = 4. Give m(f).
-8
Let r = -79 - -69. Let j(f) = -2*f**2 - 9 - 3*f**2 + 1233*f**3 - 11*f - 6*f**2 - 617*f**3 - 617*f**3. Give j(r).
1
Suppose 0 = 4*u + 21*u + 15*u + 280. Let c(f) = 30*f + 187. What is c(u)?
-23
Let z(o) = 104*o - 1241. Let n be z(12). Let y(j) = j**2 - 6*j - 16. What is y(n)?
-9
Suppose -88*l - 18 = 